{"id":464,"date":"2019-09-18T08:55:41","date_gmt":"2019-09-18T06:55:41","guid":{"rendered":"http:\/\/www.ecole-stjeannotredame.fr\/?page_id=464"},"modified":"2020-10-15T22:32:05","modified_gmt":"2020-10-15T20:32:05","slug":"confidentialite","status":"publish","type":"page","link":"https:\/\/www.ecole-stjeannotredame.fr\/index.php\/confidentialite\/","title":{"rendered":"confidentialite"},"content":{"rendered":"<p>[et_pb_section fb_built=\u00a0\u00bb1&Prime; admin_label=\u00a0\u00bbsection\u00a0\u00bb _builder_version=\u00a0\u00bb3.27.4&Prime; background_image=\u00a0\u00bbhttp:\/\/www.ecole-stjeannotredame.fr\/wp-content\/uploads\/2019\/07\/shapes-bg-1.png\u00a0\u00bb fb_built=\u00a0\u00bb1&Prime; _i=\u00a0\u00bb0&Prime; _address=\u00a0\u00bb0&Prime;][et_pb_row admin_label=\u00a0\u00bbrow\u00a0\u00bb _builder_version=\u00a0\u00bb3.27.4&Prime; background_size=\u00a0\u00bbinitial\u00a0\u00bb background_position=\u00a0\u00bbtop_left\u00a0\u00bb background_repeat=\u00a0\u00bbrepeat\u00a0\u00bb width=\u00a0\u00bb100%\u00a0\u00bb custom_margin=\u00a0\u00bb|auto||auto|false|false\u00a0\u00bb _i=\u00a0\u00bb0&Prime; _address=\u00a0\u00bb0.0&Prime;][et_pb_column type=\u00a0\u00bb4_4&Prime; _builder_version=\u00a0\u00bb3.25&Prime; custom_padding=\u00a0\u00bb|||\u00a0\u00bb _i=\u00a0\u00bb0&Prime; _address=\u00a0\u00bb0.0.0&Prime; custom_padding__hover=\u00a0\u00bb|||\u00a0\u00bb][et_pb_blurb title=\u00a0\u00bbpolitique de CONFIDENTIALIT\u00e9\u00a0\u00bb use_icon=\u00a0\u00bbon\u00a0\u00bb font_icon=\u00a0\u00bb%%168%%\u00a0\u00bb icon_color=\u00a0\u00bb#ff7355&Prime; use_icon_font_size=\u00a0\u00bbon\u00a0\u00bb icon_font_size=\u00a0\u00bb32px\u00a0\u00bb _builder_version=\u00a0\u00bb3.29.2&Prime; header_font=\u00a0\u00bbCabin Sketch|700||on|||||\u00a0\u00bb header_text_color=\u00a0\u00bb#2b76df\u00a0\u00bb header_font_size=\u00a0\u00bb20px\u00a0\u00bb header_letter_spacing=\u00a0\u00bb5px\u00a0\u00bb header_line_height=\u00a0\u00bb1.5em\u00a0\u00bb text_orientation=\u00a0\u00bbcenter\u00a0\u00bb custom_margin=\u00a0\u00bb||10px|||\u00a0\u00bb locked=\u00a0\u00bboff\u00a0\u00bb _i=\u00a0\u00bb0&Prime; _address=\u00a0\u00bb0.0.0.0&Prime;][\/et_pb_blurb][\/et_pb_column][\/et_pb_row][\/et_pb_section][et_pb_section fb_built=\u00a0\u00bb1&Prime; _builder_version=\u00a0\u00bb3.29.2&Prime; fb_built=\u00a0\u00bb1&Prime; _i=\u00a0\u00bb1&Prime; _address=\u00a0\u00bb1&Prime;][et_pb_row _builder_version=\u00a0\u00bb3.29.2&Prime; width=\u00a0\u00bb90%\u00a0\u00bb max_width=\u00a0\u00bb1402px\u00a0\u00bb _i=\u00a0\u00bb0&Prime; _address=\u00a0\u00bb1.0&Prime;][et_pb_column type=\u00a0\u00bb4_4&Prime; _builder_version=\u00a0\u00bb3.29.2&Prime; _i=\u00a0\u00bb0&Prime; _address=\u00a0\u00bb1.0.0&Prime;][et_pb_text _builder_version=\u00a0\u00bb3.29.2&Prime; _i=\u00a0\u00bb0&Prime; _address=\u00a0\u00bb1.0.0.0&Prime;]<\/p>\n<p><strong>Qui sommes-nous\u00a0?<\/strong><\/p>\n<p>L\u2019adresse de notre site Web est\u00a0: http:\/\/www.ecole-stjeannotredame.fr<\/p>\n<p>D\u00e9l\u00e9gu\u00e9 \u00e0 la Protection des Donn\u00e9es (= DPO pour \u00ab\u00a0Data Privacy Officer\u00a0\u00bb)\u00a0: Amandine Guiton \u2013 accueil@ecole-stjeannotredame.fr<\/p>\n<p><strong>Utilisation des donn\u00e9es personnelles collect\u00e9es<\/strong><\/p>\n<p><strong>Formulaires de contact<\/strong><\/p>\n<p>Lorsque vous remplissez un formulaire sur notre site, nous recueillons les informations suivantes : votre nom, votre email, et toutes les informations personnelles que vous pourriez nous communiquer concernant votre demande d\u2019informations ou d\u2019inscription.<\/p>\n<p>Ces donn\u00e9es sont collect\u00e9es dans l\u2019objectif d\u2019\u00e9tablir un premier contact et de r\u00e9pondre au plus proche de votre demande.<\/p>\n<p>Le caract\u00e8re obligatoire ou facultatif vous est signal\u00e9 lors de la collecte par un ast\u00e9risque.<\/p>\n<p><strong>Newsletter<\/strong><\/p>\n<p>Vous avez la possibilit\u00e9 de vous inscrire \u00e0 notre newsletter. Lorsque vous remplissez le formulaire de demande d\u2019inscription \u00e0 la newsletter, nous recueillons votre adresse email.<\/p>\n<p>Cette donn\u00e9e est collect\u00e9e pour vous envoyer les newsletter auxquelles vous vous \u00eates inscrit.<\/p>\n<p><strong>Cookies<\/strong><\/p>\n<p>Notre site ne collecte pas de cookie lors de votre visite.<\/p>\n<p><strong>Contenu embarqu\u00e9 depuis d\u2019autres sites<\/strong><\/p>\n<p>Les articles et les pages de ce site peuvent inclure des contenus int\u00e9gr\u00e9s (par exemple des vid\u00e9os, images, articles\u2026). Le contenu int\u00e9gr\u00e9 depuis d\u2019autres sites se comporte de la m\u00eame mani\u00e8re que si le visiteur se rendait sur cet autre site.<\/p>\n<p>Ces sites web pourraient collecter des donn\u00e9es sur vous, utiliser des cookies, embarquer des outils de suivis tiers, suivre vos interactions avec ces contenus embarqu\u00e9s si vous disposez d\u2019un compte connect\u00e9 sur leur site web.<\/p>\n<p><strong>Statistiques et mesures d\u2019audience<\/strong><\/p>\n<p>Pour mesurer les performances et l\u2019audience de notre site web, nous utilisons Google Analytics. Voici les principales donn\u00e9es collect\u00e9es par Google Analytics\u00a0: adresses IP, date et heure de connexion, dur\u00e9e de connexion, pages visit\u00e9es, langue, navigateur utilis\u00e9, r\u00e9seau et op\u00e9rateur, provenance (direct, r\u00e9seaux sociaux, organic search, paid search, etc.), pages vues.<\/p>\n<p>Ces donn\u00e9es sont recueillies dans l\u2019unique but d\u2019am\u00e9liorer le parcours utilisateur des internautes sur notre site, en adaptant le site \u00e0 leurs besoins et \u00e0 leurs attentes.<\/p>\n<p><strong>Dur\u00e9es de stockage de vos donn\u00e9es<\/strong><\/p>\n<p>Concernant les donn\u00e9es collect\u00e9es via les formulaires, elles sont conserv\u00e9es le laps de temps n\u00e9cessaire \u00e0 votre demande et au suivi de la relation commerciale.<\/p>\n<p>Les donn\u00e9es collect\u00e9es sont, via l\u2019outil de mesure d\u2019audience Google Analytics, quant \u00e0 elle conserv\u00e9es 26 mois et r\u00e9pondent ainsi aux exigences de la nouvelle loi RGPD, qui oblige la suppression des donn\u00e9es de tout utilisateur inactif sur le site pendant une dur\u00e9e de 3 ans..<\/p>\n<p><strong>Les droits que vous avez sur vos donn\u00e9es<\/strong><\/p>\n<p>Vous pouvez demander \u00e0 recevoir un fichier contenant toutes les donn\u00e9es personnelles que nous poss\u00e9dons \u00e0 votre sujet, incluant celles que vous nous avez fournies. Vous pouvez \u00e9galement demander la suppression des donn\u00e9es personnelles vous concernant. Cela ne prend pas en compte les donn\u00e9es stock\u00e9es \u00e0 des fins administratives, l\u00e9gales ou pour des raisons de s\u00e9curit\u00e9.<\/p>\n<p><strong>Transmission de vos donn\u00e9es personnelles<\/strong><\/p>\n<p>Vos donn\u00e9es personnelles peuvent \u00eatre partag\u00e9es avec les services tiers suivants :<\/p>\n<ul>\n<li>L\u2019h\u00e9bergeur\u00a0<strong>OVH<\/strong>dont les datacenters se situent en France et dont nous utilisons les offres d\u2019h\u00e9bergement et d\u2019emails pro;<\/li>\n<li><strong>WordPress<\/strong><\/li>\n<li>Mailjet dans le cadre de l\u2019envoi des newsletter<\/li>\n<\/ul>\n<p>Lire la politique de confidentialit\u00e9 de OVH et WordPress:<\/p>\n<ul>\n<li><a href=\"https:\/\/www.ovh.com\/fr\/protection-donnees-personnelles\/securite.xml\">La politique de confidentialit\u00e9 d\u2019OVH en mati\u00e8re de protection des donn\u00e9es personnelles et s\u00e9curit\u00e9 de leurs infrastructures<\/a><\/li>\n<li><a href=\"https:\/\/wordpress.org\/about\/privacy\/\">La politique de confidentialit\u00e9 de WordPress (en anglais)<\/a><\/li>\n<li><a href=\"https:\/\/fr.mailjet.com\/securite-et-confidentialite\/\">https:\/\/fr.mailjet.com\/securite-et-confidentialite\/<\/a><\/li>\n<\/ul>\n<p>Concernant toutes les autres donn\u00e9es, L\u2019\u00e9cole Saint Jean Notre Dame s\u2019engage \u00e0 ne pas c\u00e9der ou vendre les informations personnelles vous concernant \u00e0 des tiers ni \u00e0 utiliser ces informations \u00e0 des fins non pr\u00e9vues.<\/p>\n<p><strong>Informations de contact<\/strong><\/p>\n<p>Nous nous engageons \u00e0 vous offrir un droit d\u2019opposition et de retrait quant \u00e0 vos renseignements personnels.<br \/> Le droit d\u2019opposition vous donne la possibilit\u00e9 de refuser que vos renseignements personnels soient utilis\u00e9s \u00e0 certaines fins mentionn\u00e9es lors de la collecte.<\/p>\n<p>Le droit de retrait vous donne la possibilit\u00e9 de demander \u00e0 ce que vos renseignements personnels ne figurent plus, par exemple, dans une liste de diffusion.<\/p>\n<p>Pour pouvoir exercer ces droits, vous pouvez \u00e0 tout moment nous adresser votre demande par mail \u00e0 l\u2019adresse suivant : accueil@ecole-stjeannotredame.fr<\/p>\n<p><strong>Informations suppl\u00e9mentaires<\/strong><\/p>\n<p><strong>Comment prot\u00e9geons-nous vos donn\u00e9es ?<\/strong><\/p>\n<p>Les renseignements personnels collect\u00e9s sont conserv\u00e9s dans un environnement s\u00e9curis\u00e9. Les personnes travaillant pour nous sont tenues de respecter la confidentialit\u00e9 de vos informations.<br \/> Afin d\u2019assurer la s\u00e9curit\u00e9 de vos renseignements personnels, nous avons recours aux mesures suivantes :<\/p>\n<ul>\n<li>Gestion des acc\u00e8s \u2013 personne autoris\u00e9e<\/li>\n<li>Sauvegarde informatique<\/li>\n<li>Identifiant \/ mot de passe<\/li>\n<li>Pare-feu (Firewalls)<\/li>\n<\/ul>\n<p>Nous nous engageons \u00e0 maintenir un haut degr\u00e9 de confidentialit\u00e9 par des proc\u00e9dures pr\u00e9cises de collecte et de gestion de donn\u00e9es, permettant ainsi d\u2019assurer la confidentialit\u00e9 de vos transactions. Toutefois, comme aucun m\u00e9canisme n\u2019offre une s\u00e9curit\u00e9 maximale, une part de risque est toujours pr\u00e9sente lorsque l\u2019on utilise Internet pour transmettre des renseignements personnels.<\/p>\n<p><strong>Proc\u00e9dures mises en \u0153uvre en cas de fuite de donn\u00e9es<\/strong><\/p>\n<p>Nous constatons d\u2019abord la fuite via nos syst\u00e8mes internes de notification. Nous envoyons un email, dans les 72h suivant la constatation, \u00e0 la personne concern\u00e9e pour l\u2019informer de la fuite et lui transmettre le maximum d\u2019informations pour qu\u2019elle puisse \u00e9valuer le risque r\u00e9el pour ses droits et libert\u00e9s. Nous analysons alors la faille de s\u00e9curit\u00e9 pour la corriger et pr\u00e9venir d\u2019\u00e9ventuelles futures failles similaires.<\/p>\n<p>[\/et_pb_text][\/et_pb_column][\/et_pb_row][\/et_pb_section]<\/p>\n","protected":false},"excerpt":{"rendered":"<p>[et_pb_section fb_built=\u00a0\u00bb1&Prime; admin_label=\u00a0\u00bbsection\u00a0\u00bb _builder_version=\u00a0\u00bb3.27.4&Prime; background_image=\u00a0\u00bbhttp:\/\/www.ecole-stjeannotredame.fr\/wp-content\/uploads\/2019\/07\/shapes-bg-1.png\u00a0\u00bb fb_built=\u00a0\u00bb1&Prime; _i=\u00a0\u00bb0&Prime; _address=\u00a0\u00bb0&Prime;][et_pb_row admin_label=\u00a0\u00bbrow\u00a0\u00bb _builder_version=\u00a0\u00bb3.27.4&Prime; background_size=\u00a0\u00bbinitial\u00a0\u00bb background_position=\u00a0\u00bbtop_left\u00a0\u00bb background_repeat=\u00a0\u00bbrepeat\u00a0\u00bb width=\u00a0\u00bb100%\u00a0\u00bb custom_margin=\u00a0\u00bb|auto||auto|false|false\u00a0\u00bb _i=\u00a0\u00bb0&Prime; _address=\u00a0\u00bb0.0&Prime;][et_pb_column type=\u00a0\u00bb4_4&Prime; _builder_version=\u00a0\u00bb3.25&Prime; custom_padding=\u00a0\u00bb|||\u00a0\u00bb _i=\u00a0\u00bb0&Prime; _address=\u00a0\u00bb0.0.0&Prime; custom_padding__hover=\u00a0\u00bb|||\u00a0\u00bb][et_pb_blurb title=\u00a0\u00bbpolitique de CONFIDENTIALIT\u00e9\u00a0\u00bb use_icon=\u00a0\u00bbon\u00a0\u00bb font_icon=\u00a0\u00bb%%168%%\u00a0\u00bb icon_color=\u00a0\u00bb#ff7355&Prime; use_icon_font_size=\u00a0\u00bbon\u00a0\u00bb icon_font_size=\u00a0\u00bb32px\u00a0\u00bb _builder_version=\u00a0\u00bb3.29.2&Prime; header_font=\u00a0\u00bbCabin Sketch|700||on|||||\u00a0\u00bb header_text_color=\u00a0\u00bb#2b76df\u00a0\u00bb header_font_size=\u00a0\u00bb20px\u00a0\u00bb header_letter_spacing=\u00a0\u00bb5px\u00a0\u00bb header_line_height=\u00a0\u00bb1.5em\u00a0\u00bb text_orientation=\u00a0\u00bbcenter\u00a0\u00bb custom_margin=\u00a0\u00bb||10px|||\u00a0\u00bb locked=\u00a0\u00bboff\u00a0\u00bb _i=\u00a0\u00bb0&Prime; _address=\u00a0\u00bb0.0.0.0&Prime;][\/et_pb_blurb][\/et_pb_column][\/et_pb_row][\/et_pb_section][et_pb_section fb_built=\u00a0\u00bb1&Prime; _builder_version=\u00a0\u00bb3.29.2&Prime; fb_built=\u00a0\u00bb1&Prime; _i=\u00a0\u00bb1&Prime; _address=\u00a0\u00bb1&Prime;][et_pb_row _builder_version=\u00a0\u00bb3.29.2&Prime; width=\u00a0\u00bb90%\u00a0\u00bb max_width=\u00a0\u00bb1402px\u00a0\u00bb _i=\u00a0\u00bb0&Prime; _address=\u00a0\u00bb1.0&Prime;][et_pb_column type=\u00a0\u00bb4_4&Prime; _builder_version=\u00a0\u00bb3.29.2&Prime; [&hellip;]<\/p>\n","protected":false},"author":3,"featured_media":0,"parent":0,"menu_order":0,"comment_status":"closed","ping_status":"closed","template":"","meta":{"_et_pb_use_builder":"on","_et_pb_old_content":"","_et_gb_content_width":"","footnotes":""},"class_list":["post-464","page","type-page","status-publish","hentry"],"_links":{"self":[{"href":"https:\/\/www.ecole-stjeannotredame.fr\/index.php\/wp-json\/wp\/v2\/pages\/464","targetHints":{"allow":["GET"]}}],"collection":[{"href":"https:\/\/www.ecole-stjeannotredame.fr\/index.php\/wp-json\/wp\/v2\/pages"}],"about":[{"href":"https:\/\/www.ecole-stjeannotredame.fr\/index.php\/wp-json\/wp\/v2\/types\/page"}],"author":[{"embeddable":true,"href":"https:\/\/www.ecole-stjeannotredame.fr\/index.php\/wp-json\/wp\/v2\/users\/3"}],"replies":[{"embeddable":true,"href":"https:\/\/www.ecole-stjeannotredame.fr\/index.php\/wp-json\/wp\/v2\/comments?post=464"}],"version-history":[{"count":8,"href":"https:\/\/www.ecole-stjeannotredame.fr\/index.php\/wp-json\/wp\/v2\/pages\/464\/revisions"}],"predecessor-version":[{"id":1150,"href":"https:\/\/www.ecole-stjeannotredame.fr\/index.php\/wp-json\/wp\/v2\/pages\/464\/revisions\/1150"}],"wp:attachment":[{"href":"https:\/\/www.ecole-stjeannotredame.fr\/index.php\/wp-json\/wp\/v2\/media?parent=464"}],"curies":[{"name":"wp","href":"https:\/\/api.w.org\/{rel}","templated":true}]}}